nits digit of 38*(6/4 + -1)?
9
Let u be (21/(-7))/((-3)/4). What is the units digit of (2/u)/((-3)/(-6))?
1
Let p = -11 + 16. Suppose 0 = -p*s - z - 3 - 19, -z - 14 = 3*s. What is the units digit of (-166)/(-18) - s/(-18)?
9
Let c = -15 - -1. Let d = c + 23. What is the units digit of d?
9
Suppose -4*z + 44 = 4*d, -d - 4 = -4*z + 3*d. Let h = z - 3. What is the units digit of (-12 + 0)*(-1)/h?
4
Let z be (0 - 2)/((-4)/54). Suppose 2 = -c - i + 2*i, -8 = -2*i. What is the units digit of c/9 - (-48)/z?
2
Let o = 14 - 14. What is the units digit of 2/1 - o/(-2)?
2
Let n(p) = -3*p + 78. What is the units digit of n(0)?
8
Let h = 16 - 10. Let m be 2 - (-9)/(-6)*-2. Suppose -m*o + 38 = -4*s, -10 = 5*o - h*o + 2*s. What is the units digit of o?
6
Suppose 0 = -7*p + 10*p - 3. Let n = 6 - p. What is the units digit of n?
5
Let s be (-9)/(-1 - (-12)/10). What is the tens digit of (s/(-3) + 1)/1?
1
Let s be 10/(-4)*16 + -3. Let i = -29 - s. Suppose 0*c + 2*c - i = 0. What is the units digit of c?
7
Let b be (-3)/6 - 284/(-8). Suppose -5*c = -4*y - 10 - 3, 2*c + 3*y - 19 = 0. Suppose c*a = 10 + b. What is the units digit of a?
9
Suppose 0 = 4*r + 2*u + 22, 5*r + 2*u - u + 23 = 0. Let m = 2 - r. What is the units digit of m?
6
Let d = 2 + 1. Suppose 0 = -5*i + d*i + 10. What is the units digit of i?
5
Let d(u) = -u**3 + 10*u**2 + 9*u - 1. Let r be d(11). Let w = r + 38. What is the units digit of w?
5
Let u be 4 - ((-9)/(-3))/3. Suppose -l = u*l - 20. Let z(h) = -h**2 + 6*h + 3. What is the units digit of z(l)?
8
What is the tens digit of (10 + -3)*(13/1 + 0)?
9
Let w(p) = p**3 - 5*p**2 - 7*p + 6. Let n be w(6). Let f(k) = 4 - k + n*k - k. What is the tens digit of f(-6)?
1
Let c be 1/2 + 8/16. What is the tens digit of (-1 - -17)*(c - 0)?
1
Let c = -6 - -8. Suppose -18 = -c*h + 2*d, 23 = 2*h - 5*d + 2. What is the units digit of h?
8
Let v(p) = 3*p**2 + 2*p + 1. Let s be v(-1). Suppose l + 4 = 3*n, -2*l + s = 2*l - 3*n. What is the units digit of l?
2
Suppose -5*s - 5*m - 10 = 0, -5*m = 3*s + 2 + 2. Let b be 2/s*9/3. What is the units digit of (-1*12)/(b - 0)?
6
Suppose -4*d + 86 = 2*v, v = -5*d + 11 + 29. What is the units digit of v?
5
Let g(l) = 0 - 5 + l + l**3 + 8*l**2 - 5*l. What is the units digit of g(-8)?
7
Let i = 63 - 37. Suppose -130 = -y - 4*y + 5*n, -3*n = -y + i. What is the tens digit of y?
2
Let h(w) = -w**2 - 4*w + 1. Let k be h(-2). Suppose 13 = i + k. Let b = i + -2. What is the units digit of b?
6
Let x(y) = y**3 - 9*y**2 - 11*y + 10. Let m be x(10). What is the units digit of -1*(-18)/(3 - m)?
6
Let f(d) be the second derivative of 11*d**3/3 - d**2 - 4*d. What is the units digit of f(1)?
0
Suppose -2*c - s + 3 = 0, s - 9 = -2*s. Suppose c = -r - r + 12. What is the units digit of r?
6
Let s = 10 + 8. Let l = 35 + s. What is the units digit of l?
3
Suppose 2*c = -2*c - 20, -4*j - 30 = 2*c. Suppose 14 - 2 = -g. Let o = j - g. What is the units digit of o?
7
Suppose 284 = 6*k + 74. What is the units digit of k?
5
Suppose 2*m = -m + r + 8, -5 = -2*m + r. Suppose -p + 4*p - 7 = 4*i, 5*i + m*p + 2 = 0. What is the units digit of i + 13 + (0 - 0)?
2
Let k = -8 - -1. Let c = 7 + k. Let o(p) = -p + 12. What is the tens digit of o(c)?
1
Let j be (1/(-1))/((-1)/(-16)). Let n = -4 - j. Let s = 19 - n. What is the units digit of s?
7
Let o be 94 - (1 - (1 - 3)). Suppose 3*d = 5*j - o, j + 0*d - 35 = -5*d. What is the tens digit of j?
2
Let g = 198 + -113. Let j = g - 58. Suppose 3*q - j = -0*q. What is the units digit of q?
9
Suppose 6*v = 2*v. Suppose v = 5*a - 0*a - 20. What is the units digit of (a/6)/((-5)/(-45))?
6
Suppose 16*s = 15*s + 65. What is the tens digit of s?
6
Let r = 106 + -66. What is the tens digit of r?
4
Let t = 2 + -7. Let o(s) = 0*s - 5 - s + 0*s + 1. What is the units digit of o(t)?
1
Suppose q = 45 - 5. Let r = 1 + 2. Suppose -r*g = 2*g - 5*l - q, -5*g + 40 = 2*l. What is the units digit of g?
8
Let d(t) = t**3 - 5*t**2 + 4*t + 1. Let m be d(3). Let s = 23 + m. Let j = s + -7. What is the tens digit of j?
1
Let d be 144/63 + (-2)/7. Suppose 3*k = -d*k + 80. What is the tens digit of k?
1
Let f(g) = g**3 + 4*g**2 - 2*g - 1. Let b(c) = -c**3 + 2*c**2 - c - 2. Let r be b(2). Let o be f(r). Let j = o + -1. What is the units digit of j?
6
Let h = 10 - 1. Suppose -r + i = -2, 2*r - 1 = 4*r - i. Let g = r + h. What is the units digit of g?
6
Let t = -11 + 15. What is the units digit of t?
4
Suppose 6 = -a - 3*u + 2, -2*a + 25 = -5*u. What is the units digit of a?
5
Suppose 4 = -2*x - 2*x, 3*s - 659 = -x. What is the units digit of s?
0
Let h(i) = -i + 10. Let d be h(9). Suppose 4*p + d = -4*g - 3, 0 = -g - 3. What is the units digit of (9/p)/(2/4)?
9
Let l be 0/(-2) - (57 + -4). Let q be (-8)/(-44) - l/11. Suppose 0 = 2*r - 1 - q. What is the units digit of r?
3
Let f(y) = y**2 + 8*y - 6. Let h be f(-9). Suppose -18 = -5*k - h*q, -2*q - 51 + 13 = -5*k. What is the units digit of k?
6
Suppose 0 = d - 2*q - q - 17, d = 2*q + 16. Suppose 0 = -t + 3*t - d. What is the units digit of t?
7
Let i(o) = -31 - o**2 + 4*o**3 + 55 - 3*o**3. What is the tens digit of i(0)?
2
Let m(r) = -r**2 - 6*r + 5. Let z be m(-6). Suppose 0 = s + z*j - 34, 4*s + 3*j - 61 = -10. What is the units digit of s?
9
Let v be 12/8 - (-2)/(-4). Let m(n) = n. Let d be m(v). Suppose 0 = 4*j - d - 15. What is the units digit of j?
4
Let i = -215 - -397. What is the tens digit of i?
8
Let k(n) = n**2 - 8*n - 9. Let m be k(9). Suppose -2*q - q + 6 = m. Suppose -5*u + 4*u = 5*r - 11, 22 = q*u + 3*r. What is the tens digit of u?
1
Let z = 19 - 18. What is the units digit of z?
1
Let l(f) = f**2 - 6*f - 9. Let t be l(7). What is the tens digit of (-6)/4*t*4?
1
Let a = 3 + 5. Suppose 3*r - 2*r + 2*x - 2 = 0, a = 3*r + 4*x. What is the units digit of r?
4
Suppose 4*v = 156 + 196. What is the units digit of v?
8
Suppose -5*w = -4*i + 11, 4*i - 17 = -1. Suppose 3*x + 2*g + w - 2 = 0, 0 = 5*x - g - 6. What is the units digit of x?
1
Let g be 0/1*(0 - 1). Let u = 5 + g. Suppose 2*k - 26 = -u*b, 4*b = 4*k - 0*k - 24. What is the units digit of k?
8
Let i = -9 + 12. What is the tens digit of (-9)/i - (-93)/3?
2
Let y(v) = v**2 - v + 2. Let b(l) = 2*l - 15. Let n be b(10). What is the tens digit of y(n)?
2
Let k be -2*(3 - (-44)/(-8)). Suppose i = 4*a, -3 = -4*a + k. What is the units digit of i?
8
Let x be 1/(-2) + (-74)/4. Let d = x - -36. Let a = -9 + d. What is the units digit of a?
8
Let w be -6 - (-1)/(-2)*2. Let t(i) = i**3 + 7*i**2 - i - 4. Let b be t(w). Suppose 4 = q + b. What is the units digit of q?
1
Let i(u) = 5*u + 19. What is the tens digit of i(13)?
8
What is the units digit of (-3 - -2 - -3) + 2?
4
Let d(b) = -b**3 - 7*b**2 - 6*b + 7. Let w be d(-5). Let k = w + 22. What is the units digit of k?
9
Let p(t) = t**2 - 1. Let i(d) = 5*d. Suppose 10 = -5*q - 15, 3*m + 4*q + 17 = 0. Let x(s) = m*p(s) + i(s). What is the units digit of x(-6)?
5
Let x(u) = -u + 24. What is the tens digit of x(7)?
1
Let g(a) = a**2 + 5*a + 2. Let y be ((-2)/2 - -1)/1. Let q = -5 + y. What is the units digit of g(q)?
2
Suppose -497 = -5*c - n, 0 = -3*c + 5*n - 69 + 384. What is the tens digit of c?
0
Let c be 752/18 + (-4)/(-18). Suppose -c = -0*n - 3*n. Suppose -2 + n = 4*u. What is the units digit of u?
3
Suppose 126 = 5*f - 149. What is the units digit of f?
5
Let d = -2 + -18. Let k = -11 - d. What is the units digit of k?
9
What is the units digit of ((-2)/4)/(3/624*-1)?
4
Suppose -2*w - 3*s + 37 = 2*s, 4*w = 4*s + 116. What is the tens digit of w?
2
Suppose -2*y + 63 = y - i, 0 = -4*y + 2*i + 86. Let c be (12/10)/(3/y). Suppose -8*z + c = -4*z. What is the units digit of z?
2
Suppose 19 = -2*c + 5*a, -3*a = 3*c - 26 + 2. Suppose -4*g - c*n - 36 = 0, -3*g + 0*n + 2*n - 27 = 0. What is the tens digit of 6/4*(-78)/g?
1
Let d(i) = i**2 + 9*i - 12. Let g be d(-10). What is the units digit of (-2)/4*g*22?
2
Let s(w) = 5*w**3 + 1. What is the tens digit of s(2)?
4
Let k(b) = -b + 10. Suppose 0*w + 3*w = 24. Let r be k(w). What is the units digit of 15 + -3 + r*-1?
0
Suppose 2*t = -f + 24, 4*t - 4 - 22 = -f. What is the units digit of f?
2
Let g(r) = -r**3 + 10*r**2 - 9*r - 10. Suppose -3*u - 15 = -2*d, -2*u = -5 + 3. Let z be g(d). What is the units digit of (0 - 8/z)*10?
8
Let o(g) =